{"id":505,"date":"2021-01-06T11:46:54","date_gmt":"2021-01-06T11:46:54","guid":{"rendered":"https:\/\/metathesis.pt\/?page_id=505"},"modified":"2024-06-19T10:36:35","modified_gmt":"2024-06-19T10:36:35","slug":"elias-garcia","status":"publish","type":"page","link":"https:\/\/metathesis.pt\/?page_id=505&lang=pt","title":{"rendered":"Elias Garcia &#8211; Espa\u00e7o num centro urbano"},"content":{"rendered":"\t\t<div data-elementor-type=\"wp-page\" data-elementor-id=\"505\" class=\"elementor elementor-505\">\n\t\t\t\t\t\t<section class=\"elementor-section elementor-top-section elementor-element elementor-element-5131a13e elementor-section-height-full elementor-section-boxed elementor-section-height-default elementor-section-items-middle\" data-id=\"5131a13e\" data-element_type=\"section\" data-settings=\"{&quot;background_background&quot;:&quot;slideshow&quot;,&quot;background_slideshow_gallery&quot;:[{&quot;id&quot;:542,&quot;url&quot;:&quot;https:\\\/\\\/metathesis.pt\\\/wp-content\\\/uploads\\\/2021\\\/01\\\/IMG_8609B_fachada-1.jpg&quot;},{&quot;id&quot;:771,&quot;url&quot;:&quot;https:\\\/\\\/metathesis.pt\\\/wp-content\\\/uploads\\\/2021\\\/01\\\/PPF_4562_sala-scaled.jpg&quot;}],&quot;background_slideshow_transition_duration&quot;:1000,&quot;background_slideshow_ken_burns&quot;:&quot;yes&quot;,&quot;background_slideshow_loop&quot;:&quot;yes&quot;,&quot;background_slideshow_slide_duration&quot;:5000,&quot;background_slideshow_slide_transition&quot;:&quot;fade&quot;,&quot;background_slideshow_ken_burns_zoom_direction&quot;:&quot;in&quot;}\">\n\t\t\t\t\t\t\t<div class=\"elementor-background-overlay\"><\/div>\n\t\t\t\t\t\t\t<div class=\"elementor-container elementor-column-gap-default\">\n\t\t\t\t\t<div class=\"elementor-column elementor-col-100 elementor-top-column elementor-element elementor-element-fbcdaec\" data-id=\"fbcdaec\" data-element_type=\"column\">\n\t\t\t<div class=\"elementor-widget-wrap\">\n\t\t\t\t\t\t\t<\/div>\n\t\t<\/div>\n\t\t\t\t\t<\/div>\n\t\t<\/section>\n\t\t\t\t<section class=\"elementor-section elementor-top-section elementor-element elementor-element-721798b elementor-section-boxed elementor-section-height-default elementor-section-height-default\" data-id=\"721798b\" data-element_type=\"section\" data-settings=\"{&quot;background_background&quot;:&quot;classic&quot;}\">\n\t\t\t\t\t\t<div class=\"elementor-container elementor-column-gap-default\">\n\t\t\t\t\t<div class=\"elementor-column elementor-col-100 elementor-top-column elementor-element elementor-element-4ff1e4a\" data-id=\"4ff1e4a\" data-element_type=\"column\">\n\t\t\t<div class=\"elementor-widget-wrap elementor-element-populated\">\n\t\t\t\t\t\t<div class=\"elementor-element elementor-element-c5685bf elementor-widget elementor-widget-heading\" data-id=\"c5685bf\" data-element_type=\"widget\" data-widget_type=\"heading.default\">\n\t\t\t\t\t<h2 class=\"elementor-heading-title elementor-size-default\">Tradi\u00e7\u00e3o na Modernidade<\/h2>\t\t\t\t<\/div>\n\t\t\t\t<div class=\"elementor-element elementor-element-32caed7 elementor-widget elementor-widget-text-editor\" data-id=\"32caed7\" data-element_type=\"widget\" data-widget_type=\"text-editor.default\">\n\t\t\t\t\t\t\t\t\t<p>Na Rua Elias Garcia, 55 em Almada, procedeu-se \u00e0 altera\u00e7\u00e3o e amplia\u00e7\u00e3o de uma habita\u00e7\u00e3o bifamiliar de\u00a0 constru\u00e7\u00e3o anterior a 1951. A interven\u00e7\u00e3o teve como objectivo n\u00e3o s\u00f3 de melhoramento construtivo, mas, acima de tudo, arquitet\u00f3nico.<\/p><p>Na mesma localiza\u00e7\u00e3o, existem im\u00f3veis de diferentes \u00e9pocas arquitectonicas. O projecto assumiu e intensificou esses diferentes tempos na mesma propriedade. Deu-se seguimento \u00e0 est\u00e9tica popular, nomeadamente pela utiliza\u00e7\u00e3o de molduras nas janelas e cobertura inclinada, mas a composi\u00e7\u00e3o global mostra uma ordem contempor\u00e2nea, nomeadamente pela utiliza\u00e7\u00e3o de volumes encaixados e destacados que d\u00e3o plasticidade ao edif\u00edcio.<\/p>\t\t\t\t\t\t\t\t<\/div>\n\t\t\t\t<div class=\"elementor-element elementor-element-2a1029b elementor-widget elementor-widget-image\" data-id=\"2a1029b\" data-element_type=\"widget\" data-widget_type=\"image.default\">\n\t\t\t\t\t\t\t\t\t\t\t\t\t\t\t<img fetchpriority=\"high\" decoding=\"async\" width=\"1024\" height=\"683\" src=\"https:\/\/metathesis.pt\/wp-content\/uploads\/2021\/01\/PPF_4562_sala-1024x683.jpg\" class=\"attachment-large size-large wp-image-771\" alt=\"\" srcset=\"https:\/\/metathesis.pt\/wp-content\/uploads\/2021\/01\/PPF_4562_sala-1024x683.jpg 1024w, https:\/\/metathesis.pt\/wp-content\/uploads\/2021\/01\/PPF_4562_sala-300x200.jpg 300w, https:\/\/metathesis.pt\/wp-content\/uploads\/2021\/01\/PPF_4562_sala-768x512.jpg 768w, https:\/\/metathesis.pt\/wp-content\/uploads\/2021\/01\/PPF_4562_sala-1536x1024.jpg 1536w, https:\/\/metathesis.pt\/wp-content\/uploads\/2021\/01\/PPF_4562_sala-2048x1366.jpg 2048w, https:\/\/metathesis.pt\/wp-content\/uploads\/2021\/01\/PPF_4562_sala-scaled.jpg 1600w\" sizes=\"(max-width: 1024px) 100vw, 1024px\" \/>\t\t\t\t\t\t\t\t\t\t\t\t\t\t\t<\/div>\n\t\t\t\t<div class=\"elementor-element elementor-element-84a6b2a elementor-widget elementor-widget-heading\" data-id=\"84a6b2a\" data-element_type=\"widget\" data-widget_type=\"heading.default\">\n\t\t\t\t\t<h2 class=\"elementor-heading-title elementor-size-default\">Espa\u00e7o num centro urbano<\/h2>\t\t\t\t<\/div>\n\t\t\t\t<div class=\"elementor-element elementor-element-c701515 elementor-widget-divider--view-line elementor-widget elementor-widget-divider\" data-id=\"c701515\" data-element_type=\"widget\" data-widget_type=\"divider.default\">\n\t\t\t\t\t\t\t<div class=\"elementor-divider\">\n\t\t\t<span class=\"elementor-divider-separator\">\n\t\t\t\t\t\t<\/span>\n\t\t<\/div>\n\t\t\t\t\t\t<\/div>\n\t\t\t\t\t<\/div>\n\t\t<\/div>\n\t\t\t\t\t<\/div>\n\t\t<\/section>\n\t\t\t\t<section class=\"elementor-section elementor-top-section elementor-element elementor-element-a6e870e elementor-section-boxed elementor-section-height-default elementor-section-height-default\" data-id=\"a6e870e\" data-element_type=\"section\" data-settings=\"{&quot;background_background&quot;:&quot;classic&quot;}\">\n\t\t\t\t\t\t<div class=\"elementor-container elementor-column-gap-default\">\n\t\t\t\t\t<div class=\"elementor-column elementor-col-50 elementor-top-column elementor-element elementor-element-1137b97\" data-id=\"1137b97\" data-element_type=\"column\">\n\t\t\t<div class=\"elementor-widget-wrap elementor-element-populated\">\n\t\t\t\t\t\t<div class=\"elementor-element elementor-element-f2770f2 elementor-widget elementor-widget-text-editor\" data-id=\"f2770f2\" data-element_type=\"widget\" data-widget_type=\"text-editor.default\">\n\t\t\t\t\t\t\t\t\t<p>A composi\u00e7\u00e3o global do edif\u00edcio mostra uma ordem contempor\u00e2nea, nomeadamente pela utiliza\u00e7\u00e3o de volumes encaixados e destacados que d\u00e3o plasticidade ao im\u00f3vel. O tom vermelho assume a modernidade da constru\u00e7\u00e3o, tanto no al\u00e7ado principal como tardoz, em conjuga\u00e7\u00e3o com o volume da claraboia da escada comum.<\/p><p>Redimensionou-se a altura do edif\u00edcio de forma a compatibilizar-se com a edifica\u00e7\u00e3o do lado esquerdo (a nascente) com o alinhamento da c\u00e9rcea, apesar do desn\u00edvel da rua ser contr\u00e1ria ao desenvolvimento em banda.<\/p>\t\t\t\t\t\t\t\t<\/div>\n\t\t\t\t\t<\/div>\n\t\t<\/div>\n\t\t\t\t<div class=\"elementor-column elementor-col-50 elementor-top-column elementor-element elementor-element-7256258\" data-id=\"7256258\" data-element_type=\"column\">\n\t\t\t<div class=\"elementor-widget-wrap elementor-element-populated\">\n\t\t\t\t\t\t<div class=\"elementor-element elementor-element-43b8ff7 elementor-widget elementor-widget-image\" data-id=\"43b8ff7\" data-element_type=\"widget\" data-widget_type=\"image.default\">\n\t\t\t\t\t\t\t\t\t\t\t\t\t\t\t<img decoding=\"async\" width=\"1024\" height=\"683\" src=\"https:\/\/metathesis.pt\/wp-content\/uploads\/2021\/01\/PPF_4594_quintal-1024x683.jpg\" class=\"attachment-large size-large wp-image-778\" alt=\"\" srcset=\"https:\/\/metathesis.pt\/wp-content\/uploads\/2021\/01\/PPF_4594_quintal-1024x683.jpg 1024w, https:\/\/metathesis.pt\/wp-content\/uploads\/2021\/01\/PPF_4594_quintal-300x200.jpg 300w, https:\/\/metathesis.pt\/wp-content\/uploads\/2021\/01\/PPF_4594_quintal-768x512.jpg 768w, https:\/\/metathesis.pt\/wp-content\/uploads\/2021\/01\/PPF_4594_quintal-1536x1024.jpg 1536w, https:\/\/metathesis.pt\/wp-content\/uploads\/2021\/01\/PPF_4594_quintal-2048x1366.jpg 2048w, https:\/\/metathesis.pt\/wp-content\/uploads\/2021\/01\/PPF_4594_quintal-scaled.jpg 1600w\" sizes=\"(max-width: 1024px) 100vw, 1024px\" \/>\t\t\t\t\t\t\t\t\t\t\t\t\t\t\t<\/div>\n\t\t\t\t\t<\/div>\n\t\t<\/div>\n\t\t\t\t\t<\/div>\n\t\t<\/section>\n\t\t\t\t<section class=\"elementor-section elementor-top-section elementor-element elementor-element-6af82c7 elementor-reverse-mobile elementor-section-boxed elementor-section-height-default elementor-section-height-default\" data-id=\"6af82c7\" data-element_type=\"section\" data-settings=\"{&quot;background_background&quot;:&quot;classic&quot;}\">\n\t\t\t\t\t\t<div class=\"elementor-container elementor-column-gap-default\">\n\t\t\t\t\t<div class=\"elementor-column elementor-col-50 elementor-top-column elementor-element elementor-element-50013ed\" data-id=\"50013ed\" data-element_type=\"column\">\n\t\t\t<div class=\"elementor-widget-wrap elementor-element-populated\">\n\t\t\t\t\t\t<div class=\"elementor-element elementor-element-4f57b5a elementor-widget elementor-widget-image\" data-id=\"4f57b5a\" data-element_type=\"widget\" data-widget_type=\"image.default\">\n\t\t\t\t\t\t\t\t\t\t\t\t\t\t\t<img decoding=\"async\" width=\"1024\" height=\"683\" src=\"https:\/\/metathesis.pt\/wp-content\/uploads\/2021\/01\/PPF_4473_escadas-1024x683.jpg\" class=\"attachment-large size-large wp-image-774\" alt=\"\" srcset=\"https:\/\/metathesis.pt\/wp-content\/uploads\/2021\/01\/PPF_4473_escadas-1024x683.jpg 1024w, https:\/\/metathesis.pt\/wp-content\/uploads\/2021\/01\/PPF_4473_escadas-300x200.jpg 300w, https:\/\/metathesis.pt\/wp-content\/uploads\/2021\/01\/PPF_4473_escadas-768x512.jpg 768w, https:\/\/metathesis.pt\/wp-content\/uploads\/2021\/01\/PPF_4473_escadas-1536x1024.jpg 1536w, https:\/\/metathesis.pt\/wp-content\/uploads\/2021\/01\/PPF_4473_escadas-2048x1366.jpg 2048w, https:\/\/metathesis.pt\/wp-content\/uploads\/2021\/01\/PPF_4473_escadas-scaled.jpg 1600w\" sizes=\"(max-width: 1024px) 100vw, 1024px\" \/>\t\t\t\t\t\t\t\t\t\t\t\t\t\t\t<\/div>\n\t\t\t\t\t<\/div>\n\t\t<\/div>\n\t\t\t\t<div class=\"elementor-column elementor-col-50 elementor-top-column elementor-element elementor-element-cbd1790\" data-id=\"cbd1790\" data-element_type=\"column\">\n\t\t\t<div class=\"elementor-widget-wrap elementor-element-populated\">\n\t\t\t\t\t\t<div class=\"elementor-element elementor-element-56fb075 elementor-widget elementor-widget-text-editor\" data-id=\"56fb075\" data-element_type=\"widget\" data-widget_type=\"text-editor.default\">\n\t\t\t\t\t\t\t\t\t<p>Por outro lado, esta interven\u00e7\u00e3o visou uma maior integra\u00e7\u00e3o urbana na envolvente, reduzindo o impacto do edif\u00edcio de habita\u00e7\u00e3o coletiva de cinco pisos do lado direito.<\/p><p>Manteve-se a ideia de um telhado de duas \u00e1guas com algeroz, resultando num melhor enquadramento e relacionamento com os edif\u00edcios vizinhos, assim como uma geometriza\u00e7\u00e3o mais perfeita do telhado relativamente \u00e0 \u00e1rea dispon\u00edvel e esconsa.<\/p>\t\t\t\t\t\t\t\t<\/div>\n\t\t\t\t\t<\/div>\n\t\t<\/div>\n\t\t\t\t\t<\/div>\n\t\t<\/section>\n\t\t\t\t<section class=\"elementor-section elementor-top-section elementor-element elementor-element-c824b42 elementor-section-boxed elementor-section-height-default elementor-section-height-default\" data-id=\"c824b42\" data-element_type=\"section\" data-settings=\"{&quot;background_background&quot;:&quot;classic&quot;}\">\n\t\t\t\t\t\t<div class=\"elementor-container elementor-column-gap-default\">\n\t\t\t\t\t<div class=\"elementor-column elementor-col-50 elementor-top-column elementor-element elementor-element-abf6023\" data-id=\"abf6023\" data-element_type=\"column\">\n\t\t\t<div class=\"elementor-widget-wrap elementor-element-populated\">\n\t\t\t\t\t\t<div class=\"elementor-element elementor-element-949ba1f elementor-widget elementor-widget-text-editor\" data-id=\"949ba1f\" data-element_type=\"widget\" data-widget_type=\"text-editor.default\">\n\t\t\t\t\t\t\t\t\t<p>Foram criadas 2 fra\u00e7\u00f5es duplex, encaixadas entre si como que dois L\u2019s se tratassem, isto \u00e9, a fra\u00e7\u00e3o T3 ocupa todo o r\u00e9s-do-ch\u00e3o, abrangendo o logradouro (\u00e1rea descoberta), e metade do 1\u00ba andar.<\/p><p>A outra fra\u00e7\u00e3o T2 ocupa metade do 1\u00ba andar e todo o 2\u00ba andar.<\/p><p>Este projeto Elias Garcia foi muito mais do que o respeito pelo edificado e seu enquadramento hist\u00f3rico \u2013 foi, acima de tudo, uma valoriza\u00e7\u00e3o importante do edificado existente, um melhoramento das condi\u00e7\u00f5es de vida dos futuros habitantes e elimina\u00e7\u00e3o de incongru\u00eancias arquitet\u00f3nicas, mesmo sendo classificadas como edif\u00edcio ou zonas hist\u00f3ricas.<\/p>\t\t\t\t\t\t\t\t<\/div>\n\t\t\t\t\t<\/div>\n\t\t<\/div>\n\t\t\t\t<div class=\"elementor-column elementor-col-50 elementor-top-column elementor-element elementor-element-c0cf9d4\" data-id=\"c0cf9d4\" data-element_type=\"column\">\n\t\t\t<div class=\"elementor-widget-wrap elementor-element-populated\">\n\t\t\t\t\t\t<div class=\"elementor-element elementor-element-00bc9ea elementor-widget elementor-widget-image\" data-id=\"00bc9ea\" data-element_type=\"widget\" data-widget_type=\"image.default\">\n\t\t\t\t\t\t\t\t\t\t\t\t\t\t\t<img loading=\"lazy\" decoding=\"async\" width=\"1024\" height=\"683\" src=\"https:\/\/metathesis.pt\/wp-content\/uploads\/2021\/01\/PPF_4472_escadas-1024x683.jpg\" class=\"attachment-large size-large wp-image-773\" alt=\"\" srcset=\"https:\/\/metathesis.pt\/wp-content\/uploads\/2021\/01\/PPF_4472_escadas-1024x683.jpg 1024w, https:\/\/metathesis.pt\/wp-content\/uploads\/2021\/01\/PPF_4472_escadas-300x200.jpg 300w, https:\/\/metathesis.pt\/wp-content\/uploads\/2021\/01\/PPF_4472_escadas-768x512.jpg 768w, https:\/\/metathesis.pt\/wp-content\/uploads\/2021\/01\/PPF_4472_escadas-1536x1024.jpg 1536w, https:\/\/metathesis.pt\/wp-content\/uploads\/2021\/01\/PPF_4472_escadas-2048x1366.jpg 2048w, https:\/\/metathesis.pt\/wp-content\/uploads\/2021\/01\/PPF_4472_escadas-scaled.jpg 1600w\" sizes=\"(max-width: 1024px) 100vw, 1024px\" \/>\t\t\t\t\t\t\t\t\t\t\t\t\t\t\t<\/div>\n\t\t\t\t\t<\/div>\n\t\t<\/div>\n\t\t\t\t\t<\/div>\n\t\t<\/section>\n\t\t\t\t<section class=\"elementor-section elementor-top-section elementor-element elementor-element-1e91348 elementor-section-boxed elementor-section-height-default elementor-section-height-default\" data-id=\"1e91348\" data-element_type=\"section\" data-settings=\"{&quot;background_background&quot;:&quot;classic&quot;}\">\n\t\t\t\t\t\t<div class=\"elementor-container elementor-column-gap-default\">\n\t\t\t\t\t<div class=\"elementor-column elementor-col-100 elementor-top-column elementor-element elementor-element-8e37654\" data-id=\"8e37654\" data-element_type=\"column\">\n\t\t\t<div class=\"elementor-widget-wrap elementor-element-populated\">\n\t\t\t\t\t\t<div class=\"elementor-element elementor-element-b0424a6 elementor-widget elementor-widget-heading\" data-id=\"b0424a6\" data-element_type=\"widget\" data-widget_type=\"heading.default\">\n\t\t\t\t\t<h2 class=\"elementor-heading-title elementor-size-default\">Elias Garcia - Mais que uma renova\u00e7\u00e3o<\/h2>\t\t\t\t<\/div>\n\t\t\t\t<div class=\"elementor-element elementor-element-3b97c75 elementor-widget elementor-widget-text-editor\" data-id=\"3b97c75\" data-element_type=\"widget\" data-widget_type=\"text-editor.default\">\n\t\t\t\t\t\t\t\t\t<p>A renova\u00e7\u00e3o urbana \u00e9 essencial \u00e0 sobreviv\u00eancia das \u00e1reas urbanas antigas, o que s\u00f3 ser\u00e1 poss\u00edvel com boas solu\u00e7\u00f5es de arquitetura de cada um dos edif\u00edcios, em rela\u00e7\u00e3o a um todo edificado.<\/p><p>Com esta opera\u00e7\u00e3o de renova\u00e7\u00e3o urbana, a Metathesis, retirou do patrim\u00f3nio habitacional de Almada um ed\u00edcio em ruinas para nele edificar um im\u00f3vel consistente. Este \u00e9 adequado a duas fam\u00edlias jovens urbanas que ir\u00e3o consumir em Almada, ter os seus filhos em Almada e aproveitar a qualidade de vida que esta cidade proporciona aos jovens casais.<\/p>\t\t\t\t\t\t\t\t<\/div>\n\t\t\t\t\t<\/div>\n\t\t<\/div>\n\t\t\t\t\t<\/div>\n\t\t<\/section>\n\t\t\t\t<section class=\"elementor-section elementor-top-section elementor-element elementor-element-47d4df2 elementor-section-boxed elementor-section-height-default elementor-section-height-default\" data-id=\"47d4df2\" data-element_type=\"section\" data-settings=\"{&quot;background_background&quot;:&quot;classic&quot;}\">\n\t\t\t\t\t\t<div class=\"elementor-container elementor-column-gap-default\">\n\t\t\t\t\t<div class=\"elementor-column elementor-col-33 elementor-top-column elementor-element elementor-element-2803866\" data-id=\"2803866\" data-element_type=\"column\">\n\t\t\t<div class=\"elementor-widget-wrap elementor-element-populated\">\n\t\t\t\t\t\t<div class=\"elementor-element elementor-element-4d928c0 elementor-widget elementor-widget-image\" data-id=\"4d928c0\" data-element_type=\"widget\" data-widget_type=\"image.default\">\n\t\t\t\t\t\t\t\t\t\t\t\t\t\t\t<img loading=\"lazy\" decoding=\"async\" width=\"1024\" height=\"683\" src=\"https:\/\/metathesis.pt\/wp-content\/uploads\/2021\/01\/PPF_4507_cozinha-1024x683.jpg\" class=\"attachment-large size-large wp-image-775\" alt=\"\" srcset=\"https:\/\/metathesis.pt\/wp-content\/uploads\/2021\/01\/PPF_4507_cozinha-1024x683.jpg 1024w, https:\/\/metathesis.pt\/wp-content\/uploads\/2021\/01\/PPF_4507_cozinha-300x200.jpg 300w, https:\/\/metathesis.pt\/wp-content\/uploads\/2021\/01\/PPF_4507_cozinha-768x512.jpg 768w, https:\/\/metathesis.pt\/wp-content\/uploads\/2021\/01\/PPF_4507_cozinha-1536x1024.jpg 1536w, https:\/\/metathesis.pt\/wp-content\/uploads\/2021\/01\/PPF_4507_cozinha-2048x1366.jpg 2048w, https:\/\/metathesis.pt\/wp-content\/uploads\/2021\/01\/PPF_4507_cozinha-scaled.jpg 1600w\" sizes=\"(max-width: 1024px) 100vw, 1024px\" \/>\t\t\t\t\t\t\t\t\t\t\t\t\t\t\t<\/div>\n\t\t\t\t\t<\/div>\n\t\t<\/div>\n\t\t\t\t<div class=\"elementor-column elementor-col-33 elementor-top-column elementor-element elementor-element-1269b0f\" data-id=\"1269b0f\" data-element_type=\"column\">\n\t\t\t<div class=\"elementor-widget-wrap elementor-element-populated\">\n\t\t\t\t\t\t<div class=\"elementor-element elementor-element-d5a1bb8 elementor-widget elementor-widget-image\" data-id=\"d5a1bb8\" data-element_type=\"widget\" data-widget_type=\"image.default\">\n\t\t\t\t\t\t\t\t\t\t\t\t\t\t\t<img loading=\"lazy\" decoding=\"async\" width=\"1024\" height=\"683\" src=\"https:\/\/metathesis.pt\/wp-content\/uploads\/2021\/01\/PPF_4539_wc-1024x683.jpg\" class=\"attachment-large size-large wp-image-776\" alt=\"\" srcset=\"https:\/\/metathesis.pt\/wp-content\/uploads\/2021\/01\/PPF_4539_wc-1024x683.jpg 1024w, https:\/\/metathesis.pt\/wp-content\/uploads\/2021\/01\/PPF_4539_wc-300x200.jpg 300w, https:\/\/metathesis.pt\/wp-content\/uploads\/2021\/01\/PPF_4539_wc-768x512.jpg 768w, https:\/\/metathesis.pt\/wp-content\/uploads\/2021\/01\/PPF_4539_wc-1536x1024.jpg 1536w, https:\/\/metathesis.pt\/wp-content\/uploads\/2021\/01\/PPF_4539_wc-2048x1366.jpg 2048w, https:\/\/metathesis.pt\/wp-content\/uploads\/2021\/01\/PPF_4539_wc-scaled.jpg 1600w\" sizes=\"(max-width: 1024px) 100vw, 1024px\" \/>\t\t\t\t\t\t\t\t\t\t\t\t\t\t\t<\/div>\n\t\t\t\t\t<\/div>\n\t\t<\/div>\n\t\t\t\t<div class=\"elementor-column elementor-col-33 elementor-top-column elementor-element elementor-element-58015ac\" data-id=\"58015ac\" data-element_type=\"column\">\n\t\t\t<div class=\"elementor-widget-wrap elementor-element-populated\">\n\t\t\t\t\t\t<div class=\"elementor-element elementor-element-d8d3008 elementor-widget elementor-widget-image\" data-id=\"d8d3008\" data-element_type=\"widget\" data-widget_type=\"image.default\">\n\t\t\t\t\t\t\t\t\t\t\t\t\t\t\t<img loading=\"lazy\" decoding=\"async\" width=\"1024\" height=\"683\" src=\"https:\/\/metathesis.pt\/wp-content\/uploads\/2021\/01\/PPF_4569_salaecozinha-1024x683.jpg\" class=\"attachment-large size-large wp-image-777\" alt=\"\" srcset=\"https:\/\/metathesis.pt\/wp-content\/uploads\/2021\/01\/PPF_4569_salaecozinha-1024x683.jpg 1024w, https:\/\/metathesis.pt\/wp-content\/uploads\/2021\/01\/PPF_4569_salaecozinha-300x200.jpg 300w, https:\/\/metathesis.pt\/wp-content\/uploads\/2021\/01\/PPF_4569_salaecozinha-768x512.jpg 768w, https:\/\/metathesis.pt\/wp-content\/uploads\/2021\/01\/PPF_4569_salaecozinha-1536x1024.jpg 1536w, https:\/\/metathesis.pt\/wp-content\/uploads\/2021\/01\/PPF_4569_salaecozinha-2048x1366.jpg 2048w, https:\/\/metathesis.pt\/wp-content\/uploads\/2021\/01\/PPF_4569_salaecozinha-scaled.jpg 1600w\" sizes=\"(max-width: 1024px) 100vw, 1024px\" \/>\t\t\t\t\t\t\t\t\t\t\t\t\t\t\t<\/div>\n\t\t\t\t\t<\/div>\n\t\t<\/div>\n\t\t\t\t\t<\/div>\n\t\t<\/section>\n\t\t\t\t<section class=\"elementor-section elementor-top-section elementor-element elementor-element-44afe96 elementor-section-boxed elementor-section-height-default elementor-section-height-default\" data-id=\"44afe96\" data-element_type=\"section\" data-settings=\"{&quot;background_background&quot;:&quot;classic&quot;}\">\n\t\t\t\t\t\t<div class=\"elementor-container elementor-column-gap-default\">\n\t\t\t\t\t<div class=\"elementor-column elementor-col-100 elementor-top-column elementor-element elementor-element-5f54179\" data-id=\"5f54179\" data-element_type=\"column\">\n\t\t\t<div class=\"elementor-widget-wrap elementor-element-populated\">\n\t\t\t\t\t\t<div class=\"elementor-element elementor-element-e1ae39f elementor-widget elementor-widget-heading\" data-id=\"e1ae39f\" data-element_type=\"widget\" data-widget_type=\"heading.default\">\n\t\t\t\t\t<h4 class=\"elementor-heading-title elementor-size-default\">Projeto de 2018<\/h4>\t\t\t\t<\/div>\n\t\t\t\t<div class=\"elementor-element elementor-element-a8a3382 elementor-widget-divider--view-line elementor-widget elementor-widget-divider\" data-id=\"a8a3382\" data-element_type=\"widget\" data-widget_type=\"divider.default\">\n\t\t\t\t\t\t\t<div class=\"elementor-divider\">\n\t\t\t<span class=\"elementor-divider-separator\">\n\t\t\t\t\t\t<\/span>\n\t\t<\/div>\n\t\t\t\t\t\t<\/div>\n\t\t\t\t<div class=\"elementor-element elementor-element-451a2df elementor-widget elementor-widget-heading\" data-id=\"451a2df\" data-element_type=\"widget\" data-widget_type=\"heading.default\">\n\t\t\t\t\t<h4 class=\"elementor-heading-title elementor-size-default\">Arquiteto Lu\u00eds Silva<\/h4>\t\t\t\t<\/div>\n\t\t\t\t\t<\/div>\n\t\t<\/div>\n\t\t\t\t\t<\/div>\n\t\t<\/section>\n\t\t\t\t<\/div>\n\t\t","protected":false},"excerpt":{"rendered":"<p>Tradi\u00e7\u00e3o na Modernidade Na Rua Elias Garcia, 55 em Almada, procedeu-se \u00e0 altera\u00e7\u00e3o e amplia\u00e7\u00e3o de uma habita\u00e7\u00e3o bifamiliar de\u00a0 constru\u00e7\u00e3o anterior a 1951. A interven\u00e7\u00e3o teve como objectivo n\u00e3o s\u00f3 de melhoramento construtivo, mas, acima de tudo, arquitet\u00f3nico. Na mesma localiza\u00e7\u00e3o, existem im\u00f3veis de diferentes \u00e9pocas arquitectonicas. O projecto assumiu e intensificou esses diferentes [&hellip;]<\/p>\n","protected":false},"author":8,"featured_media":415,"parent":0,"menu_order":0,"comment_status":"closed","ping_status":"closed","template":"","meta":{"site-sidebar-layout":"no-sidebar","site-content-layout":"page-builder","ast-site-content-layout":"","site-content-style":"default","site-sidebar-style":"default","ast-global-header-display":"","ast-banner-title-visibility":"","ast-main-header-display":"","ast-hfb-above-header-display":"","ast-hfb-below-header-display":"","ast-hfb-mobile-header-display":"","site-post-title":"disabled","ast-breadcrumbs-content":"","ast-featured-img":"disabled","footer-sml-layout":"","theme-transparent-header-meta":"default","adv-header-id-meta":"","stick-header-meta":"","header-above-stick-meta":"","header-main-stick-meta":"","header-below-stick-meta":"","astra-migrate-meta-layouts":"default","ast-page-background-enabled":"default","ast-page-background-meta":{"desktop":{"background-color":"var(--ast-global-color-4)","background-image":"","background-repeat":"repeat","background-position":"center center","background-size":"auto","background-attachment":"scroll","background-type":"","background-media":"","overlay-type":"","overlay-color":"","overlay-gradient":""},"tablet":{"background-color":"","background-image":"","background-repeat":"repeat","background-position":"center center","background-size":"auto","background-attachment":"scroll","background-type":"","background-media":"","overlay-type":"","overlay-color":"","overlay-gradient":""},"mobile":{"background-color":"","background-image":"","background-repeat":"repeat","background-position":"center center","background-size":"auto","background-attachment":"scroll","background-type":"","background-media":"","overlay-type":"","overlay-color":"","overlay-gradient":""}},"ast-content-background-meta":{"desktop":{"background-color":"var(--ast-global-color-5)","background-image":"","background-repeat":"repeat","background-position":"center center","background-size":"auto","background-attachment":"scroll","background-type":"","background-media":"","overlay-type":"","overlay-color":"","overlay-gradient":""},"tablet":{"background-color":"var(--ast-global-color-5)","background-image":"","background-repeat":"repeat","background-position":"center center","background-size":"auto","background-attachment":"scroll","background-type":"","background-media":"","overlay-type":"","overlay-color":"","overlay-gradient":""},"mobile":{"background-color":"var(--ast-global-color-5)","background-image":"","background-repeat":"repeat","background-position":"center center","background-size":"auto","background-attachment":"scroll","background-type":"","background-media":"","overlay-type":"","overlay-color":"","overlay-gradient":""}},"footnotes":""},"class_list":["post-505","page","type-page","status-publish","has-post-thumbnail","hentry"],"_links":{"self":[{"href":"https:\/\/metathesis.pt\/index.php?rest_route=\/wp\/v2\/pages\/505","targetHints":{"allow":["GET"]}}],"collection":[{"href":"https:\/\/metathesis.pt\/index.php?rest_route=\/wp\/v2\/pages"}],"about":[{"href":"https:\/\/metathesis.pt\/index.php?rest_route=\/wp\/v2\/types\/page"}],"author":[{"embeddable":true,"href":"https:\/\/metathesis.pt\/index.php?rest_route=\/wp\/v2\/users\/8"}],"replies":[{"embeddable":true,"href":"https:\/\/metathesis.pt\/index.php?rest_route=%2Fwp%2Fv2%2Fcomments&post=505"}],"version-history":[{"count":10,"href":"https:\/\/metathesis.pt\/index.php?rest_route=\/wp\/v2\/pages\/505\/revisions"}],"predecessor-version":[{"id":4858,"href":"https:\/\/metathesis.pt\/index.php?rest_route=\/wp\/v2\/pages\/505\/revisions\/4858"}],"wp:featuredmedia":[{"embeddable":true,"href":"https:\/\/metathesis.pt\/index.php?rest_route=\/wp\/v2\/media\/415"}],"wp:attachment":[{"href":"https:\/\/metathesis.pt\/index.php?rest_route=%2Fwp%2Fv2%2Fmedia&parent=505"}],"curies":[{"name":"wp","href":"https:\/\/api.w.org\/{rel}","templated":true}]}}